{"id":677,"date":"2019-04-10T16:44:10","date_gmt":"2019-04-10T16:44:10","guid":{"rendered":"http:\/\/internal-pcons-be-fondazione-fr-dev-elb-1449244171.eu-west-1.elb.amazonaws.com\/?post_type=stile_grafico&#038;p=677"},"modified":"2019-06-10T15:57:32","modified_gmt":"2019-06-10T15:57:32","slug":"grafici-e-illustratori-per-la-cultura-industriale","status":"publish","type":"stile_grafico","link":"https:\/\/www.rivistapirelli.org\/it\/stile_grafico\/grafici-e-illustratori-per-la-cultura-industriale\/","title":{"rendered":"1948-1956 Grafici e illustratori per la cultura industriale"},"content":{"rendered":"","protected":false},"excerpt":{"rendered":"","protected":false},"author":1,"featured_media":1569,"template":"","meta":[],"class_list":["post-677","stile_grafico","type-stile_grafico","status-publish","has-post-thumbnail","hentry"],"acf":{"description":"<p><em>A cura di Leftloft<\/em><\/p>\n","gallery":[{"immagine":"https:\/\/assets.fondazionepirelli.org\/rivista-pirelli\/wp-content\/uploads\/2019\/04\/11105104\/RivistaPirelli_1948_001_00001_001.jpg","anno":"N\u00b0 1 | novembre 1948","titolo":"Pirelli. Rivista d'informazione e di tecnica","sfoglia":"http:\/\/search.fondazionepirelli.org\/riviste\/detail\/1948\/IT-PIRELLI-BIB0001-0021291"},{"immagine":"https:\/\/assets.fondazionepirelli.org\/rivista-pirelli\/wp-content\/uploads\/2019\/04\/11105105\/RivistaPirelli_1949_002_00005_001.jpg","anno":"N\u00b0 5 | ottobre 1949","titolo":"Pirelli. Rivista d'informazione e di tecnica","sfoglia":"http:\/\/search.fondazionepirelli.org\/riviste\/detail\/1949\/IT-PIRELLI-BIB0001-0021358"},{"immagine":"https:\/\/assets.fondazionepirelli.org\/rivista-pirelli\/wp-content\/uploads\/2019\/04\/11105107\/RivistaPirelli_1949_002_00006_001.jpg","anno":"N\u00b0 6 | dicembre 1949","titolo":"Pirelli. Rivista d'informazione e di tecnica","sfoglia":"http:\/\/search.fondazionepirelli.org\/riviste\/detail\/1949\/IT-PIRELLI-BIB0001-0021360"},{"immagine":"https:\/\/assets.fondazionepirelli.org\/rivista-pirelli\/wp-content\/uploads\/2019\/04\/11105108\/RivistaPirelli_1950_003_00001_001.jpg","anno":"N\u00b0 1 | febbraio 1950","titolo":"Pirelli. Rivista d'informazione e di tecnica","sfoglia":"http:\/\/search.fondazionepirelli.org\/riviste\/detail\/1950\/IT-PIRELLI-BIB0001-0021339"},{"immagine":"https:\/\/assets.fondazionepirelli.org\/rivista-pirelli\/wp-content\/uploads\/2019\/04\/11105109\/RivistaPirelli_1951_004_00006_001.jpg","anno":"N\u00b0 6 | dicembre 1951","titolo":"Pirelli. Rivista d'informazione e di tecnica","sfoglia":"http:\/\/search.fondazionepirelli.org\/riviste\/detail\/1951\/IT-PIRELLI-BIB0001-0021345"},{"immagine":"https:\/\/assets.fondazionepirelli.org\/rivista-pirelli\/wp-content\/uploads\/2019\/04\/11105111\/RivistaPirelli_1952_005_00006_001.jpg","anno":"N\u00b0 6 | dicembre 1952","titolo":"Pirelli. Rivista d'informazione e di tecnica","sfoglia":"http:\/\/search.fondazionepirelli.org\/riviste\/detail\/1952\/IT-PIRELLI-BIB0001-0021374"},{"immagine":"https:\/\/assets.fondazionepirelli.org\/rivista-pirelli\/wp-content\/uploads\/2019\/04\/11105112\/RivistaPirelli_1953_006_00002_001.jpg","anno":"N\u00b0 2 | aprile 1953","titolo":"Pirelli. Rivista d'informazione e di tecnica","sfoglia":"http:\/\/search.fondazionepirelli.org\/riviste\/detail\/1953\/IT-PIRELLI-BIB0001-0021352"},{"immagine":"https:\/\/assets.fondazionepirelli.org\/rivista-pirelli\/wp-content\/uploads\/2019\/04\/11105113\/RivistaPirelli_1953_006_00006_001.jpg","anno":"N\u00b0 6 | dicembre 1953","titolo":"Pirelli. Rivista d'informazione e di tecnica","sfoglia":"http:\/\/search.fondazionepirelli.org\/riviste\/detail\/1953\/IT-PIRELLI-BIB0001-0021356"},{"immagine":"https:\/\/assets.fondazionepirelli.org\/rivista-pirelli\/wp-content\/uploads\/2019\/04\/11105115\/RivistaPirelli_1954_007_00003_001.jpg","anno":"N\u00b0 3 | giugno 1954","titolo":"Pirelli. Rivista d'informazione e di tecnica","sfoglia":"http:\/\/search.fondazionepirelli.org\/riviste\/detail\/1954\/IT-PIRELLI-BIB0001-0021363"},{"immagine":"https:\/\/assets.fondazionepirelli.org\/rivista-pirelli\/wp-content\/uploads\/2019\/04\/11105116\/RivistaPirelli_1954_007_00006_001.jpg","anno":"N\u00b0 6 | dicembre 1954","titolo":"Pirelli. Rivista d'informazione e di tecnica","sfoglia":"http:\/\/search.fondazionepirelli.org\/riviste\/detail\/1954\/IT-PIRELLI-BIB0001-0021370"},{"immagine":"https:\/\/assets.fondazionepirelli.org\/rivista-pirelli\/wp-content\/uploads\/2019\/04\/11105117\/RivistaPirelli_1955_008_00001_001.jpg","anno":"N\u00b0 1 | marzo 1955","titolo":"Pirelli. Rivista d'informazione e di tecnica","sfoglia":"http:\/\/search.fondazionepirelli.org\/riviste\/detail\/1955\/IT-PIRELLI-BIB0001-0021371"},{"immagine":"https:\/\/assets.fondazionepirelli.org\/rivista-pirelli\/wp-content\/uploads\/2019\/04\/11105119\/RivistaPirelli_1955_008_00003_001.jpg","anno":"N\u00b0 3 | giugno 1955","titolo":"Pirelli. Rivista d'informazione e di tecnica","sfoglia":"http:\/\/search.fondazionepirelli.org\/riviste\/detail\/1955\/IT-PIRELLI-BIB0001-0021376"},{"immagine":"https:\/\/assets.fondazionepirelli.org\/rivista-pirelli\/wp-content\/uploads\/2019\/04\/11105122\/RivistaPirelli_1956_009_00005_001.jpg","anno":"N\u00b0 5 | ottobre 1956","titolo":"Pirelli. Rivista d'informazione e di tecnica","sfoglia":"http:\/\/search.fondazionepirelli.org\/riviste\/detail\/1956\/IT-PIRELLI-BIB0001-0021384"},{"immagine":false,"anno":"","titolo":"","sfoglia":""}],"sezione_approfondimento":{"approfondimento_gallery":[{"immagine":"https:\/\/assets.fondazionepirelli.org\/rivista-pirelli\/wp-content\/uploads\/2019\/04\/11130855\/RivistaPirelli_1950_003_00002_012-.jpg"},{"immagine":"https:\/\/assets.fondazionepirelli.org\/rivista-pirelli\/wp-content\/uploads\/2019\/04\/11130900\/RivistaPirelli_1950_003_00004_023-.jpg"},{"immagine":"https:\/\/assets.fondazionepirelli.org\/rivista-pirelli\/wp-content\/uploads\/2019\/04\/11130904\/RivistaPirelli_1951_004_00002_017-.jpg"},{"immagine":"https:\/\/assets.fondazionepirelli.org\/rivista-pirelli\/wp-content\/uploads\/2019\/04\/11130909\/RivistaPirelli_1954_007_00005_018-.jpg"},{"immagine":"https:\/\/assets.fondazionepirelli.org\/rivista-pirelli\/wp-content\/uploads\/2019\/04\/11130912\/Schermata-2019-03-24-alle-12.33.46-.png"},{"immagine":"https:\/\/assets.fondazionepirelli.org\/rivista-pirelli\/wp-content\/uploads\/2019\/04\/11130915\/Schermata-2019-03-24-alle-12.33.55-.png"},{"immagine":"https:\/\/assets.fondazionepirelli.org\/rivista-pirelli\/wp-content\/uploads\/2019\/04\/11130918\/Schermata-2019-03-24-alle-12.34.24-.png"}],"approfondimento_testo":"<p><em>\u201cC\u2019\u00e8 un\u2019attenzione particolare che connota la Rivista Pirelli, quella per la cultura, in tutte le sue dimensioni: la letteratura, le arti figurative contemporanee, il teatro e il cinema, la scienza e la tecnologia. Una cultura viva e attiva, che dai luoghi del pensiero (l\u2019universit\u00e0, le case editrici, i giornali) fa i conti con la vita quotidiana dell\u2019impresa, delle citt\u00e0, di una societ\u00e0 in movimento.\u201d\u00a0 <\/em><strong>Antonio Calabr\u00f2<\/strong><\/p>\n<p>&nbsp;<\/p>\n<p>La <strong>Rivista Pirelli<\/strong> nasce nel <strong>1948<\/strong> con un\u2019idea precisa che la differenzia da altre riviste aziendali \u2013 come \u201cComunit\u00e0\u201d di Adriano Olivetti \u2013 sia per temi che per pubblico. Scrive <strong>Gian Arturo Ferrari<\/strong>: \u201cSe \u00abComunit\u00e0\u00bb, almeno dal 1949 in poi, si presenta con la tipica veste e la tipica allure della rivista di alta cultura, \u00abPirelli\u00bb assume immediatamente e volutamente l\u2019aspetto del rotocalco a cadenza mensile, sensibile dunque all\u2019attualit\u00e0. Se il pubblico cui \u00abComunit\u00e0\u00bb si rivolge \u00e8 un pubblico di intellettuali, il pubblico di\u00abPirelli\u00bb \u00e8 immaginato come il ceto medio evoluto e urbano che in quel torno di tempo \u00e8 il protagonista della Ricostruzione e sar\u00e0 pi\u00f9 tardi il protagonista del \u00abmiracolo italiano\u00bb. Anche la grafica non pu\u00f2 dunque essere diversa da quella del rotocalco.\u201d<strong>Arturo Tofanelli<\/strong>, direttore responsabile della Rivista Pirelli e gi\u00e0 direttore di \u201cTempo\u201d, uno dei periodici pi\u00f9 letti nel primo dopoguerra, detta una linea grafica nel rispetto dello Zeitgeist del mondo editoriale dell\u2019epoca. Le copertine del fotografo <strong>Federico Patellani<\/strong> ritraggono volti di eroi dello sport (da Nuvolari a Coppi e Bartali, da Ascari a Zeno Col\u00f2, da Fangio a Enzo Ferrari), volti della scienza (Enrico Fermi), dell\u2019architettura (Pier Luigi Nervi, Gio Ponti), del design (Dante Giacosa), con qualche concessione agli eroi di casa, come l\u2019<strong>Ingegner Emanueli<\/strong>, la cui frase \u201cAdess ghe capissarem on quaicoss: andemm a guardagh denter\u201d introduce ancora oggi l\u2019ingresso della Fondazione Pirelli, a suggellare lo spirito pionieristico della cultura d\u2019impresa. Gli intenti editoriali e i temi della cultura industriale si riflettono sulla grafica degli impaginati, che pure ricalcano le misure e gli stilemi dell\u2019editoria. Le pagine cambiano veste tra un articolo e l\u2019altro, utilizzando colonne e giustezze diverse per conferire ritmo allo sfoglio. \u00c8 una rivista molto scritta e molto illustrata. Le grandi fotografie si alternano a illustrazioni di firme quali <strong>Fulvio Bianconi<\/strong> e <strong>Marcello Nizzoli<\/strong>.<\/p>\n"},"section_title":"Lo stile grafico dal 1948 al 1956","years":{"anno_di_inizio":"1948","anno_di_fine":"1956"},"i_direttori_della_rivista_pirelli":{"direttori":[{"ID":1509,"post_author":"1","post_date":"2019-04-12 13:24:01","post_date_gmt":"2019-04-12 13:24:01","post_content":"","post_title":"Leonardo Sinisgalli","post_excerpt":"","post_status":"publish","comment_status":"closed","ping_status":"closed","post_password":"","post_name":"leonardo-sinisgalli","to_ping":"","pinged":"","post_modified":"2019-04-16 08:51:25","post_modified_gmt":"2019-04-16 08:51:25","post_content_filtered":"","post_parent":0,"guid":"http:\/\/qa-www.rivistapirelli.org\/?post_type=director&#038;p=1509","menu_order":0,"post_type":"director","post_mime_type":"","comment_count":"0","filter":"raw"},{"ID":1513,"post_author":"1","post_date":"2019-04-12 13:30:15","post_date_gmt":"2019-04-12 13:30:15","post_content":"","post_title":"Arturo Tofanelli","post_excerpt":"","post_status":"publish","comment_status":"closed","ping_status":"closed","post_password":"","post_name":"arturo-tofanelli","to_ping":"","pinged":"","post_modified":"2019-04-16 08:52:29","post_modified_gmt":"2019-04-16 08:52:29","post_content_filtered":"","post_parent":0,"guid":"http:\/\/qa-www.rivistapirelli.org\/?post_type=director&#038;p=1513","menu_order":0,"post_type":"director","post_mime_type":"","comment_count":"0","filter":"raw"}]}},"_links":{"self":[{"href":"https:\/\/www.rivistapirelli.org\/it\/wp-json\/wp\/v2\/stile_grafico\/677","targetHints":{"allow":["GET"]}}],"collection":[{"href":"https:\/\/www.rivistapirelli.org\/it\/wp-json\/wp\/v2\/stile_grafico"}],"about":[{"href":"https:\/\/www.rivistapirelli.org\/it\/wp-json\/wp\/v2\/types\/stile_grafico"}],"author":[{"embeddable":true,"href":"https:\/\/www.rivistapirelli.org\/it\/wp-json\/wp\/v2\/users\/1"}],"wp:featuredmedia":[{"embeddable":true,"href":"https:\/\/www.rivistapirelli.org\/it\/wp-json\/wp\/v2\/media\/1569"}],"wp:attachment":[{"href":"https:\/\/www.rivistapirelli.org\/it\/wp-json\/wp\/v2\/media?parent=677"}],"curies":[{"name":"wp","href":"https:\/\/api.w.org\/{rel}","templated":true}]}}

<p><em>“C’è un’attenzione particolare che connota la Rivista Pirelli, quella per la cultura, in tutte le sue dimensioni: la letteratura, le arti figurative contemporanee, il teatro e il cinema, la scienza e la tecnologia. Una cultura viva e attiva, che dai luoghi del pensiero (l’università, le case editrici, i giornali) fa i conti con la vita quotidiana dell’impresa, delle città, di una società in movimento.”  </em><strong>Antonio Calabrò</strong></p>
<p>&nbsp;</p>
<p>La <strong>Rivista Pirelli</strong> nasce nel <strong>1948</strong> con un’idea precisa che la differenzia da altre riviste aziendali – come “Comunità” di Adriano Olivetti – sia per temi che per pubblico. Scrive <strong>Gian Arturo Ferrari</strong>: “Se «Comunità», almeno dal 1949 in poi, si presenta con la tipica veste e la tipica allure della rivista di alta cultura, «Pirelli» assume immediatamente e volutamente l’aspetto del rotocalco a cadenza mensile, sensibile dunque all’attualità. Se il pubblico cui «Comunità» si rivolge è un pubblico di intellettuali, il pubblico di«Pirelli» è immaginato come il ceto medio evoluto e urbano che in quel torno di tempo è il protagonista della Ricostruzione e sarà più tardi il protagonista del «miracolo italiano». Anche la grafica non può dunque essere diversa da quella del rotocalco.”<strong>Arturo Tofanelli</strong>, direttore responsabile della Rivista Pirelli e già direttore di “Tempo”, uno dei periodici più letti nel primo dopoguerra, detta una linea grafica nel rispetto dello Zeitgeist del mondo editoriale dell’epoca. Le copertine del fotografo <strong>Federico Patellani</strong> ritraggono volti di eroi dello sport (da Nuvolari a Coppi e Bartali, da Ascari a Zeno Colò, da Fangio a Enzo Ferrari), volti della scienza (Enrico Fermi), dell’architettura (Pier Luigi Nervi, Gio Ponti), del design (Dante Giacosa), con qualche concessione agli eroi di casa, come l’<strong>Ingegner Emanueli</strong>, la cui frase “Adess ghe capissarem on quaicoss: andemm a guardagh denter” introduce ancora oggi l’ingresso della Fondazione Pirelli, a suggellare lo spirito pionieristico della cultura d’impresa. Gli intenti editoriali e i temi della cultura industriale si riflettono sulla grafica degli impaginati, che pure ricalcano le misure e gli stilemi dell’editoria. Le pagine cambiano veste tra un articolo e l’altro, utilizzando colonne e giustezze diverse per conferire ritmo allo sfoglio. È una rivista molto scritta e molto illustrata. Le grandi fotografie si alternano a illustrazioni di firme quali <strong>Fulvio Bianconi</strong> e <strong>Marcello Nizzoli</strong>.</p>
