{"id":945,"date":"1948-11-01T15:18:23","date_gmt":"1948-11-01T15:18:23","guid":{"rendered":"http:\/\/internal-pcons-be-fondazione-fr-dev-elb-1449244171.eu-west-1.elb.amazonaws.com\/?post_type=selezione_antologica&#038;p=945"},"modified":"2019-05-13T13:57:23","modified_gmt":"2019-05-13T13:57:23","slug":"questa-nostra-rivista-2","status":"publish","type":"selezione_antologica","link":"https:\/\/www.rivistapirelli.org\/it\/selezione_antologica\/questa-nostra-rivista-2\/","title":{"rendered":"Questa nostra rivista"},"content":{"rendered":"","protected":false},"excerpt":{"rendered":"","protected":false},"featured_media":1765,"template":"","categories":[],"tags":[22],"class_list":["post-945","selezione_antologica","type-selezione_antologica","status-publish","has-post-thumbnail","hentry","tag-impresa-produzione-e-lavoro"],"acf":{"edizione":"N.1, 1948","autore":[{"ID":457,"post_author":"1","post_date":"2019-04-09 10:46:28","post_date_gmt":"2019-04-09 10:46:28","post_content":"Imprenditore e dirigente d\u2019azienda (1882-1971). Secondogenito di Giovanni Battista Pirelli, fondatore dell\u2019azienda, nel 1904 \u00e8 nominato insieme al fratello Piero cogerente dall\u2019Assemblea degli azionisti. Nel 1956, dopo la scomparsa di Piero, assume la presidenza, che manterr\u00e0 fino alla nomina del figlio Leopoldo nel 1965. \u00c8 artefice del processo di internazionalizzazione dell\u2019azienda, iniziato con l\u2019approdo di Pirelli in Spagna, sul mercato inglese e poi in Sudamerica. Personalit\u00e0 di grande spessore politico, rappresenta l\u2019Italia come esperto economico nelle conferenze sulle riparazioni e per la sistemazione dei debiti di guerra dopo il primo conflitto mondiale. \u00c8 padre di Maria Giovanna, Elena, Giovanni e Leopoldo.","post_title":"Alberto Pirelli","post_excerpt":"","post_status":"publish","comment_status":"closed","ping_status":"closed","post_password":"","post_name":"alberto-pirelli","to_ping":"","pinged":"","post_modified":"2019-04-09 10:46:28","post_modified_gmt":"2019-04-09 10:46:28","post_content_filtered":"","post_parent":0,"guid":"http:\/\/internal-pcons-be-fondazione-fr-dev-elb-1449244171.eu-west-1.elb.amazonaws.com\/?post_type=autori&#038;p=457","menu_order":0,"post_type":"autori","post_mime_type":"","comment_count":"0","filter":"raw"}],"riassunto":"","composizione_articolo":[{"acf_fc_layout":"composizione_articolo_testo","composizione_articolo_testo_testo":"<p>Questa nostra rivista si inserisce nel dialogo di tutti i giorni tra chi produce e chi acquista, ma vuol trascenderne i limiti, vuol superare quel dialogo, articolato come esso \u00e8 in termini di fabbisogni, di qualit\u00e0 e di prezzi; vuol prescindere dalle immediate preoccupazioni commerciali; acquistare scioltezza nella forma e nella sostanza; investire aspetti tecnici, scientifici e sociali e, perch\u00e9 no, anche culturali ed artistici, i quali al fattore produttivo sono bens\u00ec strettamente legati ma ricevono tuttavia incompleto rilievo in sede di rapporti commerciali e pubblicitari.<\/p>\n<p>Ed oggi che la rivista nasce, che il primo numero sta per andare in macchina e che vengono scritte queste righe di presentazione, nasce in noi la speranza di essere riusciti, cos\u00ec come tenderemo in avvenire, a darle il tono di una manifestazione diversa \u2013 e se volete complementare \u2013 da quella pi\u00f9 aggressiva che caratterizza la moderna pubblicit\u00e0.<\/p>\n<p>Vi veniamo dunque a cercare non per dirvi per esempio che \u00abPirelli \u00e8 il pneumatico che domina\u00bb o per convincervi a \u00abcamminare Pirelli\u00bb, insomma per influire su di una scelta o per imporvi una abitudine. Veniamo a conversare con voi a nome di un\u2019azienda che, per la somma di intelligenze e di lavoro che racchiude, per le sue manifestazioni nel campo sociale, come in quello tecnico ed organizzativo, per il primato raggiunto e le affermazioni realizzate in tante parti del mondo sente di poter dire una parola utile.<\/p>\n<p>Nella rivista parleremo noi, uomini dell\u2019azienda, valendoci della nostra specifica esperienza e parleranno anche uomini estranei al nostro ambiente i quali, anche perch\u00e9 estranei, possono meglio di noi sfuggire al fatale inaridimento del tecnicismo ad oltranza e lievitare la materia con la loro arte, sensibilit\u00e0 e fantasia.<\/p>\n<p>N\u00e9 ci manca la materia. Nessuna industria offre un cos\u00ec vario campo di applicazioni ed interessa cos\u00ec diverse categorie di persone. Siamo quasi sempre l\u2019accessorio, ma l\u2019accessorio indispensabile, ed i nostri prodotti interessano il campo dei trasporti, dell\u2019elettricit\u00e0, di ogni altro genere di industria, dello sport, dell\u2019abbigliamento, della casa, delle applicazioni sanitarie e via dicendo.<\/p>\n<p>Utilizza questa industria un numero enorme di prodotti diversi, sia come materia prima che come semilavorati. Impiega la pi\u00f9 grande variet\u00e0 di macchine ed utensili. Sviluppa laboratori scientifici da cui si alimenta il progresso. Quante possibilit\u00e0 dunque di contribuire alla evoluzione pi\u00f9 caratteristica della vita moderna! Ma se potremo in questa rivista sollevarci qualche volta anche pi\u00f9 in su, lo faremo col senso che ogni contributo alla civilt\u00e0 meccanizzata va inquadrato nei pi\u00f9 alti valori culturali e sociali della vita.<\/p>\n"}],"custom_sticky":false},"_links":{"self":[{"href":"https:\/\/www.rivistapirelli.org\/it\/wp-json\/wp\/v2\/selezione_antologica\/945","targetHints":{"allow":["GET"]}}],"collection":[{"href":"https:\/\/www.rivistapirelli.org\/it\/wp-json\/wp\/v2\/selezione_antologica"}],"about":[{"href":"https:\/\/www.rivistapirelli.org\/it\/wp-json\/wp\/v2\/types\/selezione_antologica"}],"wp:featuredmedia":[{"embeddable":true,"href":"https:\/\/www.rivistapirelli.org\/it\/wp-json\/wp\/v2\/media\/1765"}],"wp:attachment":[{"href":"https:\/\/www.rivistapirelli.org\/it\/wp-json\/wp\/v2\/media?parent=945"}],"wp:term":[{"taxonomy":"category","embeddable":true,"href":"https:\/\/www.rivistapirelli.org\/it\/wp-json\/wp\/v2\/categories?post=945"},{"taxonomy":"post_tag","embeddable":true,"href":"https:\/\/www.rivistapirelli.org\/it\/wp-json\/wp\/v2\/tags?post=945"}],"curies":[{"name":"wp","href":"https:\/\/api.w.org\/{rel}","templated":true}]}}

Imprenditore e dirigente d’azienda (1882-1971). Secondogenito di Giovanni Battista Pirelli, fondatore dell’azienda, nel 1904 è nominato insieme al fratello Piero cogerente dall’Assemblea degli azionisti. Nel 1956, dopo la scomparsa di Piero, assume la presidenza, che manterrà fino alla nomina del figlio Leopoldo nel 1965. È artefice del processo di internazionalizzazione dell’azienda, iniziato con l’approdo di Pirelli in Spagna, sul mercato inglese e poi in Sudamerica. Personalità di grande spessore politico, rappresenta l’Italia come esperto economico nelle conferenze sulle riparazioni e per la sistemazione dei debiti di guerra dopo il primo conflitto mondiale. È padre di Maria Giovanna, Elena, Giovanni e Leopoldo.

<p>Questa nostra rivista si inserisce nel dialogo di tutti i giorni tra chi produce e chi acquista, ma vuol trascenderne i limiti, vuol superare quel dialogo, articolato come esso è in termini di fabbisogni, di qualità e di prezzi; vuol prescindere dalle immediate preoccupazioni commerciali; acquistare scioltezza nella forma e nella sostanza; investire aspetti tecnici, scientifici e sociali e, perché no, anche culturali ed artistici, i quali al fattore produttivo sono bensì strettamente legati ma ricevono tuttavia incompleto rilievo in sede di rapporti commerciali e pubblicitari.</p>
<p>Ed oggi che la rivista nasce, che il primo numero sta per andare in macchina e che vengono scritte queste righe di presentazione, nasce in noi la speranza di essere riusciti, così come tenderemo in avvenire, a darle il tono di una manifestazione diversa – e se volete complementare – da quella più aggressiva che caratterizza la moderna pubblicità.</p>
<p>Vi veniamo dunque a cercare non per dirvi per esempio che «Pirelli è il pneumatico che domina» o per convincervi a «camminare Pirelli», insomma per influire su di una scelta o per imporvi una abitudine. Veniamo a conversare con voi a nome di un’azienda che, per la somma di intelligenze e di lavoro che racchiude, per le sue manifestazioni nel campo sociale, come in quello tecnico ed organizzativo, per il primato raggiunto e le affermazioni realizzate in tante parti del mondo sente di poter dire una parola utile.</p>
<p>Nella rivista parleremo noi, uomini dell’azienda, valendoci della nostra specifica esperienza e parleranno anche uomini estranei al nostro ambiente i quali, anche perché estranei, possono meglio di noi sfuggire al fatale inaridimento del tecnicismo ad oltranza e lievitare la materia con la loro arte, sensibilità e fantasia.</p>
<p>Né ci manca la materia. Nessuna industria offre un così vario campo di applicazioni ed interessa così diverse categorie di persone. Siamo quasi sempre l’accessorio, ma l’accessorio indispensabile, ed i nostri prodotti interessano il campo dei trasporti, dell’elettricità, di ogni altro genere di industria, dello sport, dell’abbigliamento, della casa, delle applicazioni sanitarie e via dicendo.</p>
<p>Utilizza questa industria un numero enorme di prodotti diversi, sia come materia prima che come semilavorati. Impiega la più grande varietà di macchine ed utensili. Sviluppa laboratori scientifici da cui si alimenta il progresso. Quante possibilità dunque di contribuire alla evoluzione più caratteristica della vita moderna! Ma se potremo in questa rivista sollevarci qualche volta anche più in su, lo faremo col senso che ogni contributo alla civiltà meccanizzata va inquadrato nei più alti valori culturali e sociali della vita.</p>
