{"id":551,"date":"1949-11-09T14:12:50","date_gmt":"1949-11-09T14:12:50","guid":{"rendered":"http:\/\/internal-pcons-be-fondazione-fr-dev-elb-1449244171.eu-west-1.elb.amazonaws.com\/?post_type=selezione_antologica&#038;p=551"},"modified":"2019-05-13T11:13:01","modified_gmt":"2019-05-13T11:13:01","slug":"questa-nostra-rivista","status":"publish","type":"selezione_antologica","link":"https:\/\/www.rivistapirelli.org\/it\/selezione_antologica\/questa-nostra-rivista\/","title":{"rendered":"Questa nostra rivista"},"content":{"rendered":"","protected":false},"excerpt":{"rendered":"","protected":false},"featured_media":2349,"template":"","categories":[],"tags":[22],"class_list":["post-551","selezione_antologica","type-selezione_antologica","status-publish","has-post-thumbnail","hentry","tag-impresa-produzione-e-lavoro"],"acf":{"edizione":"N.6, 1949","autore":[{"ID":264,"post_author":"0","post_date":"2019-04-08 16:59:08","post_date_gmt":"2019-04-08 16:59:08","post_content":"<!-- wp:paragraph -->\n<p>Dirigente d\u2019azienda, editore e scrittore (1905-1991). Laureato in economia all\u2019Universit\u00e0 Bocconi di Milano, entra in Pirelli nel 1929. Dopo la condirezione della filiale spagnola dell\u2019azienda fra il 1932 e il 1938, diventa Direttore generale della Societ\u00e0 del Linoleum e poi Direttore centrale del Gruppo. Nel 1948 progetta e promuove la Rivista Pirelli, rinnovando la comunicazione aziendale. Nel 1952 \u00e8 Direttore generale di Finmeccanica, per cui realizza anche la rivista \u00abCivilt\u00e0 delle macchine\u00bb. Presidente di Alfa Romeo dal 1960 al 1974 e poi di Mondadori, \u00e8 autore di oltre venti tra romanzi, saggi e libri di poesia, nonch\u00e9 di numerosi articoli di economia.<\/p>\n<!-- \/wp:paragraph -->","post_title":"Giuseppe Eugenio Luraghi","post_excerpt":"","post_status":"publish","comment_status":"closed","ping_status":"closed","post_password":"","post_name":"giuseppe-eugenio-luraghi","to_ping":"","pinged":"","post_modified":"2019-04-08 21:16:36","post_modified_gmt":"2019-04-08 21:16:36","post_content_filtered":"","post_parent":0,"guid":"http:\/\/internal-pcons-be-fondazione-fr-dev-elb-1449244171.eu-west-1.elb.amazonaws.com\/?post_type=autori&#038;p=264","menu_order":0,"post_type":"autori","post_mime_type":"","comment_count":"0","filter":"raw"}],"riassunto":"","composizione_articolo":[{"acf_fc_layout":"composizione_articolo_testo","composizione_articolo_testo_testo":"<p>La rivista \u00abPirelli\u00bb ha compiuto i suoi dodici mesi di vita, ed inizia con questo numero il suo secondo ciclo.<\/p>\n<p>L\u2019iniziativa ha avuto successo: lo testimoniano il vivissimo interesse che essa ha suscitato in Italia ed all\u2019estero, le adesioni e le autorevoli collaborazioni avute. Non sono mancati gli scettici in partenza, che hanno poi sinceramente espresso la loro meraviglia nel vedere prosperare cos\u00ec una pubblicazione che sembrava difficile poter alimentare a lungo: ma la fiducia che aveva manifestato il dott. Alberto Pirelli quando present\u00f2 il primo numero di \u00abQuesta nostra rivista\u00bb era pienamente giustificata e meditata.<\/p>\n<p>La nostra vita di lavoratori, ai quali \u00e8 posto l\u2019assillante problema di produrre, sempre pi\u00f9 rapidamente ed abbondantemente, i mezzi necessari per le crescenti esigenze materiali dell\u2019umanit\u00e0, \u00e8 insidiata da un pericoloso imperativo utilitarista e ci inserisce spietatamente in un vortice di esasperati fenomeni meccanici e di fredde leggi economiche, dal quale sentiamo sempre pi\u00f9 viva la necessit\u00e0 di salvezza.<\/p>\n<p>Questa necessit\u00e0 di nobilitare la nostra fatica \u00e8 tanto pi\u00f9 pressante, e questa necessit\u00e0 di evasione \u00e8 tanto pi\u00f9 acuta, quanto pi\u00f9 vivo \u00e8 il fenomeno materiale che vorrebbe soggiogarci. \u00c8 una reazione provvidenziale: la superiore necessit\u00e0 di ristabilire l\u2019equilibrio attraverso forze contrastanti, perch\u00e9 l\u2019armonia necessaria riprenda, e continui a rendere possibile la vita, salvandone i valori migliori.<\/p>\n<p>Per evitare che lo squilibrio si manifesti letale, bisogna che vita spirituale e vita materiale procedano insieme, senza dannose deformazioni e pericolosi turbamenti. E dove \u00e8 pi\u00f9 opportuno cercare che questo equilibrio e questa armonia si verifichino ed operino, nel punto stesso in cui la frattura potrebbe pi\u00f9 facilmente minacciare? Non \u00e8 un miracolo che un\u2019industria, cio\u00e8 una organizzazione tipicamente utilitaria che ha per compito di produrre mezzi materiali di vita, si ponga anche il compito pi\u00f9 caldo ed elevato di portare sul piano della cultura problemi che si \u00e8 usi considerare di ordine inferiore (rivelandone gli aspetti trascendenti agli stessi tecnici che direttamente li vivono senza darsene conto ed agli artisti che non ne hanno sospettato l\u2019esistenza); e cerchi nella materia quotidiana, apparentemente arida, quanto vi \u00e8 di meglio, tendendo a lievitarlo e fecondarlo con la grande forza dello spirito. Non \u00e8 un miracolo: ma soltanto un fatto naturale di giusto intuito e di orientamento, \u00e8 un segno di sensibilit\u00e0 e di previdenza. \u00c8 una manifestazione dell\u2019istinto di conservazione \u2013 per l\u2019elevazione \u2013 della nostra specie.<\/p>\n"}]},"_links":{"self":[{"href":"https:\/\/www.rivistapirelli.org\/it\/wp-json\/wp\/v2\/selezione_antologica\/551","targetHints":{"allow":["GET"]}}],"collection":[{"href":"https:\/\/www.rivistapirelli.org\/it\/wp-json\/wp\/v2\/selezione_antologica"}],"about":[{"href":"https:\/\/www.rivistapirelli.org\/it\/wp-json\/wp\/v2\/types\/selezione_antologica"}],"wp:featuredmedia":[{"embeddable":true,"href":"https:\/\/www.rivistapirelli.org\/it\/wp-json\/wp\/v2\/media\/2349"}],"wp:attachment":[{"href":"https:\/\/www.rivistapirelli.org\/it\/wp-json\/wp\/v2\/media?parent=551"}],"wp:term":[{"taxonomy":"category","embeddable":true,"href":"https:\/\/www.rivistapirelli.org\/it\/wp-json\/wp\/v2\/categories?post=551"},{"taxonomy":"post_tag","embeddable":true,"href":"https:\/\/www.rivistapirelli.org\/it\/wp-json\/wp\/v2\/tags?post=551"}],"curies":[{"name":"wp","href":"https:\/\/api.w.org\/{rel}","templated":true}]}}

<!-- wp:paragraph -->
<p>Dirigente d’azienda, editore e scrittore (1905-1991). Laureato in economia all’Università Bocconi di Milano, entra in Pirelli nel 1929. Dopo la condirezione della filiale spagnola dell’azienda fra il 1932 e il 1938, diventa Direttore generale della Società del Linoleum e poi Direttore centrale del Gruppo. Nel 1948 progetta e promuove la Rivista Pirelli, rinnovando la comunicazione aziendale. Nel 1952 è Direttore generale di Finmeccanica, per cui realizza anche la rivista «Civiltà delle macchine». Presidente di Alfa Romeo dal 1960 al 1974 e poi di Mondadori, è autore di oltre venti tra romanzi, saggi e libri di poesia, nonché di numerosi articoli di economia.</p>
<!-- /wp:paragraph -->

<p>La rivista «Pirelli» ha compiuto i suoi dodici mesi di vita, ed inizia con questo numero il suo secondo ciclo.</p>
<p>L’iniziativa ha avuto successo: lo testimoniano il vivissimo interesse che essa ha suscitato in Italia ed all’estero, le adesioni e le autorevoli collaborazioni avute. Non sono mancati gli scettici in partenza, che hanno poi sinceramente espresso la loro meraviglia nel vedere prosperare così una pubblicazione che sembrava difficile poter alimentare a lungo: ma la fiducia che aveva manifestato il dott. Alberto Pirelli quando presentò il primo numero di «Questa nostra rivista» era pienamente giustificata e meditata.</p>
<p>La nostra vita di lavoratori, ai quali è posto l’assillante problema di produrre, sempre più rapidamente ed abbondantemente, i mezzi necessari per le crescenti esigenze materiali dell’umanità, è insidiata da un pericoloso imperativo utilitarista e ci inserisce spietatamente in un vortice di esasperati fenomeni meccanici e di fredde leggi economiche, dal quale sentiamo sempre più viva la necessità di salvezza.</p>
<p>Questa necessità di nobilitare la nostra fatica è tanto più pressante, e questa necessità di evasione è tanto più acuta, quanto più vivo è il fenomeno materiale che vorrebbe soggiogarci. È una reazione provvidenziale: la superiore necessità di ristabilire l’equilibrio attraverso forze contrastanti, perché l’armonia necessaria riprenda, e continui a rendere possibile la vita, salvandone i valori migliori.</p>
<p>Per evitare che lo squilibrio si manifesti letale, bisogna che vita spirituale e vita materiale procedano insieme, senza dannose deformazioni e pericolosi turbamenti. E dove è più opportuno cercare che questo equilibrio e questa armonia si verifichino ed operino, nel punto stesso in cui la frattura potrebbe più facilmente minacciare? Non è un miracolo che un’industria, cioè una organizzazione tipicamente utilitaria che ha per compito di produrre mezzi materiali di vita, si ponga anche il compito più caldo ed elevato di portare sul piano della cultura problemi che si è usi considerare di ordine inferiore (rivelandone gli aspetti trascendenti agli stessi tecnici che direttamente li vivono senza darsene conto ed agli artisti che non ne hanno sospettato l’esistenza); e cerchi nella materia quotidiana, apparentemente arida, quanto vi è di meglio, tendendo a lievitarlo e fecondarlo con la grande forza dello spirito. Non è un miracolo: ma soltanto un fatto naturale di giusto intuito e di orientamento, è un segno di sensibilità e di previdenza. È una manifestazione dell’istinto di conservazione – per l’elevazione – della nostra specie.</p>
