{"id":736,"date":"2019-04-10T09:00:58","date_gmt":"2019-04-10T09:00:58","guid":{"rendered":"http:\/\/internal-pcons-be-fondazione-fr-dev-elb-1449244171.eu-west-1.elb.amazonaws.com\/?post_type=book&#038;p=736"},"modified":"2022-02-09T09:47:09","modified_gmt":"2022-02-09T09:47:09","slug":"umanesimo-industriale","status":"publish","type":"book","link":"https:\/\/www.rivistapirelli.org\/it\/book\/umanesimo-industriale\/","title":{"rendered":"Umanesimo industriale"},"content":{"rendered":"","protected":false},"featured_media":816,"template":"","class_list":["post-736","book","type-book","status-publish","has-post-thumbnail","hentry"],"acf":{"subtitle":"Il valore di un\u2019antologia","excerpt":"\u00c8 stato un fenomeno letterario di rilievo nella seconda met\u00e0 del Novecento. Per mano dei pi\u00f9 grandi scrittori e giornalisti dell\u2019epoca e attraverso le immagini dei pi\u00f9 famosi illustratori e fotografi, Pirelli ha raccontato se stessa al mondo alimentando il dibattito culturale internazionale.","composition_description":[{"acf_fc_layout":"composition_description_description","composition_description_description_paragraph":"<p><strong>Umanesimo industriale. Antologia di pensieri, parole, immagini e innovazioni<\/strong> \u00e8 un progetto editoriale a cura della Fondazione Pirelli, che documenta la straordinaria esperienza di \u00abPirelli. Rivista d\u2019informazione e di tecnica\u00bb, pubblicata fra il 1948 e il 1972 e la cui collezione completa \u00e8 conservata nel nostro Archivio Storico. Si tratta dei 131 numeri originali della Rivista, a cui si aggiunge un fondo fotografico di 6000 immagini fra negativi, diapositive, fotocolor e stampe a colori o in bianco nero. Sono 3500 le fotografie pubblicate a corredo degli articoli originali e quasi 2500 quelle inedite, in parte selezionate per l\u2019antologia, in parte destinate a questo sito. All\u2019interno del volume gli articoli sono stati riuniti in sezioni tematiche: ad aprire la selezione antologica, la sezione \u00abPirelli, parliamo di noi\u00bb, con una serie di testi dedicati all\u2019azienda e ai suoi prodotti preceduti dal primo editoriale dell\u2019allora Presidente Alberto Pirelli.<\/p>\n"},{"acf_fc_layout":"composition_description_description","composition_description_description_paragraph":"<p>Al turismo nazionale e oltre frontiera sono dedicati i \u00abRacconti di viaggio\u00bb, spesso declinati in grandi reportage fotografici o corredati da illustrazioni d\u2019autore, mentre l\u2019universo dello sport \u00e8 affidato alle \u00abcronache\u00bb su automobilismo e calcio, ciclismo e vela. E poi la mobilit\u00e0 di massa \u2013 se ne parla in \u00abUna societ\u00e0 in movimento\u00bb \u2013 e la trasformazione dei costumi e dei consumi, indagata attraverso le inchieste sulla televisione, l\u2019istruzione e il rapporto fra lavoro e tempo libero. Negli anni, la Rivista \u00e8 stata testimone dei mutamenti economici e politici italiani e internazionali, dei progressi della scienza e della tecnologia, dell\u2019attenzione alla tutela dell\u2019ambiente e del paesaggio. Una pubblicazione a vocazione \u00abpolitecnica\u00bb non poteva non occuparsi di architettura e design, di arte e letteratura, affidandosi alla voce dei protagonisti e degli interpreti di questi mondi.<\/p>\n"},{"acf_fc_layout":"composition_description_description","composition_description_description_paragraph":"<p>L\u2019antologia consente di seguire l\u2019evoluzione delle scelte editoriali nell\u2019avvicendarsi delle redazioni: da Arturo Tofanelli, ideatore e direttore della Rivista fino al 1957 con Giuseppe Luraghi e Leonardo Sinisgalli, ad Arrigo Castellani, fino ad arrivare a Gianfranco Isalberti nell\u2019ultima fase della sua storia. Il volume propone inoltre al lettore una visione prospettica degli stili dell\u2019epoca attraverso la riproduzione del loro impaginato originale. Rispetto agli house organ aziendali editi negli stessi anni, la Rivista Pirelli si distingue fin dai primi numeri per l\u2019interesse manifestato, oltre che verso la poesia e la letteratura, nei confronti delle arti figurative, diventando presto un modello di riferimento per le successive esperienze di pubblicazione aziendale.<\/p>\n"}],"composition_gallery":[{"composition_gallery_image":"https:\/\/assets.fondazionepirelli.org\/rivista-pirelli\/wp-content\/uploads\/2019\/04\/10170144\/44.jpg"},{"composition_gallery_image":"https:\/\/assets.fondazionepirelli.org\/rivista-pirelli\/wp-content\/uploads\/2019\/04\/10170147\/46.jpg"},{"composition_gallery_image":"https:\/\/assets.fondazionepirelli.org\/rivista-pirelli\/wp-content\/uploads\/2019\/04\/10170149\/48.jpg"},{"composition_gallery_image":"https:\/\/assets.fondazionepirelli.org\/rivista-pirelli\/wp-content\/uploads\/2019\/04\/10170151\/59.jpg"},{"composition_gallery_image":"https:\/\/assets.fondazionepirelli.org\/rivista-pirelli\/wp-content\/uploads\/2019\/04\/10170153\/111.jpg"},{"composition_gallery_image":"https:\/\/assets.fondazionepirelli.org\/rivista-pirelli\/wp-content\/uploads\/2019\/04\/10170154\/127.jpg"},{"composition_gallery_image":"https:\/\/assets.fondazionepirelli.org\/rivista-pirelli\/wp-content\/uploads\/2019\/04\/10170156\/189.jpg"},{"composition_gallery_image":"https:\/\/assets.fondazionepirelli.org\/rivista-pirelli\/wp-content\/uploads\/2019\/04\/10170158\/211.jpg"}],"editorial_note":"<p>Gli articoli della Rivista Pirelli selezionati all\u2019interno del volume <em>Umanesimo Industriale<\/em> e in parte pubblicati su questo sito sono riprodotti nel rispetto dello stile originale, in modo da mantenere intatti il \u201ccolore\u201d della lingua e il suo variare nel corso degli anni. Trattandosi di una raccolta antologica, alcuni contribuiti sono stati sottoposti a stralci, opportunamente segnalati. Si \u00e8 deciso di non intervenire sulle difformit\u00e0 redazionali da un testo all\u2019altro, privilegiando i criteri di uniformit\u00e0 solo all\u2019interno dei singoli testi e pochi interventi di natura grafica per agevolare la lettura. Tutte le titolazioni sono state uniformate per mettere in evidenza non solo gli autori dei testi, ma anche i nomi dei grandi fotografi che insieme a noti illustratori, pittori e designer hanno contribuito nel tempo a caratterizzare le pagine della Rivista. Le immagini a corredo degli articoli pubblicati selezionate per questo progetto editoriale sono accompagnate dalle didascalie originali, mentre tutte le fotografie e le illustrazioni non presenti in origine sulla Rivista sono munite di note esplicative e del riferimento all\u2019eventuale provenienza dal nostro Archivio Storico. Con un duplice scopo: \u201craccontare\u201d la Rivista in una veste grafica rinnovata e contemporanea e il ricco patrimonio di immagini che la nostra Fondazione custodisce e valorizza.<\/p>\n","book_tab":{"isbn":"IN LIBRERIA","details":"<div>editore: Mondadori<\/div>\n<div>collana: Fuori Collana<\/div>\n<div>pagine: 528<\/div>\n<div>cod: 9788804717355<\/div>\n<div>edizione illustrata<\/div>\n","tab_description":"<p>L\u2019antologia, a cura della Fondazione Pirelli, documenta l\u2019esperienza di \u00abPirelli. Rivista d\u2019informazione e di tecnica\u00bb, pubblicata fra il 1948 e il 1972. La collezione completa della Rivista \u00e8 conservata presso l\u2019Archivio Storico del Gruppo ed \u00e8 costituita da 131 numeri originali del magazine e da un fondo fotografico di circa 6000 immagini: 3500 le fotografie a corredo degli articoli originali e quasi 2500 le inedite, in parte selezionate per questo volume. Obiettivo del progetto editoriale \u00e8 quello di mettere in evidenza il carattere \u201cpolitecnico\u201d della Rivista, che nasce con lo scopo dichiarato di saldare la cultura tecnico-scientifica e la cultura umanistica, commissionando articoli e inchieste alle firme internazionali pi\u00f9 autorevoli dell\u2019epoca. Tra gli altri Dino Buzzati, Camilla Cederna, Gillo Dorfles, Umberto Eco, Carlo Emilio Gadda, Eugenio Montale, Umberto Saba, Leonardo Sciascia, Salvatore Quasimodo, Giuseppe Ungaretti e Umberto Veronesi. A impreziosire le pagine della Rivista splendidi reportage di maestri della fotografia come Arno Hammacher, Pepi Merisio, Ugo Mulas, Federico Patellani, Fulvio Roiter, Enzo Sellerio e illustrazioni firmate da artisti come Renato Guttuso, Riccardo Manzi o Alessandro Mendini. Dopo la prefazione di Marco Tronchetti Provera e i saggi di Antonio Calabr\u00f2, Gian Arturo Ferrari e Philippe Daverio si apre la sezione antologica, all\u2019interno della quale gli articoli, riproposti in parte integralmente e in parte in stralci ragionati, sono suddivisi in sezioni tematiche che danno conto della trasversalit\u00e0 di temi approfonditi nel corso della storia della Rivista. Ad aprire la selezione antologica, \u00abPirelli, parliamo di noi\u00bb, con articoli sull\u2019azienda e i suoi prodotti. Seguono i temi del viaggio, dello sport, della mobilit\u00e0 di massa, dei costumi e dei consumi, della politica e dell\u2019economia, della scienza e della tecnologia, della tutela dell\u2019ambiente e del paesaggio. E ancora: architettura e design, arte e letteratura.<\/p>\n"},"press_releases":[{"data":"21 Giugno 2019","title":"L\u2019Umanesimo \u201ctargato\u201d Pirelli ","subtitle":"Il Giorno ","allegato":"file","link":null,"file":"https:\/\/assets.fondazionepirelli.org\/rivista-pirelli\/wp-content\/uploads\/2019\/04\/21142731\/Lumanesimo-targato-Pirelli-il-Giorno.pdf"},{"data":"19 Giugno 2019","title":"Pirelli, un libro per rileggere l'Italia tramite la sua Rivista ","subtitle":" ItaliaOggi","allegato":"file","link":null,"file":"https:\/\/assets.fondazionepirelli.org\/rivista-pirelli\/wp-content\/uploads\/2019\/04\/21124109\/Pirelli-un-libro-per-rileggere-lItalia-tramite-la-sua-Rivista-ItaliaOggi.pdf"},{"data":"19 Giugno 2019","title":"Unire tecnica e umanesimo \u00e8 un\u2019\u00abimpresa\u00bb. Ecco come Pirelli riusc\u00ec nel miracolo ","subtitle":"Il Giornale","allegato":"file","link":null,"file":"https:\/\/assets.fondazionepirelli.org\/rivista-pirelli\/wp-content\/uploads\/2019\/04\/21124034\/Unire-tecnica-e-umanesimo-%C3%A8-un%E2%80%99%C2%ABimpresa%C2%BB.-Ecco-come-Pirelli-riusc%C3%AC-nel-miracolo-il-Giornale.pdf"},{"data":"17 Giugno 2019","title":"Pasolini, il mio cinema della crudelt\u00e0","subtitle":"La Stampa","allegato":"file","link":null,"file":"https:\/\/assets.fondazionepirelli.org\/rivista-pirelli\/wp-content\/uploads\/2019\/04\/17092932\/Pasolini-il-mio-cinema-della-crudelt%C3%A0-La-Stampa.pdf"},{"data":"17 Giugno 2019","title":"Pasolini: il mio cinema della crudelt\u00e0 in un mondo che nasconde le tragedie","subtitle":"Il Secolo XIX","allegato":"file","link":null,"file":"https:\/\/assets.fondazionepirelli.org\/rivista-pirelli\/wp-content\/uploads\/2019\/04\/17092847\/Pasolini-il-mio-cinema-della-crudelt%C3%A0-in-un-mondo-che-nasconde-le-tragedie-Il-Secolo-XIX.pdf"},{"data":"16 Giugno 2019","title":"Grandi firme della cultura industriale","subtitle":"Il Sole 24 Ore","allegato":"file","link":null,"file":"https:\/\/assets.fondazionepirelli.org\/rivista-pirelli\/wp-content\/uploads\/2019\/04\/17092738\/Grandi-firme-della-cultura-industriale-Il-Sole-24-Ore.pdf"},{"data":"16 Giugno 2019","title":"Buzzati e Gadda scrittori di gomma ","subtitle":"La Repubblica","allegato":"file","link":null,"file":"https:\/\/assets.fondazionepirelli.org\/rivista-pirelli\/wp-content\/uploads\/2019\/04\/17092703\/Buzzati-e-Gadda-scrittori-di-gomma-la-Repubblica.pdf"},{"data":"16 Giugno 2019","title":"La fabbrica, gli intellettuali, il futuro. L\u2019Italia senza paura vista da \u00abPirelli\u00bb ","subtitle":"Corriere della Sera","allegato":"file","link":null,"file":"https:\/\/assets.fondazionepirelli.org\/rivista-pirelli\/wp-content\/uploads\/2019\/04\/17092605\/La-fabbrica-gli-intellettuali-il-futuro.-L%E2%80%99Italia-senza-paura-vista-da-%C2%ABPirelli%C2%BB-Corriere-della-Sera.pdf"},{"data":"16 Giugno 2019","title":"L\u2019Italia che pensava anche con le mani ","subtitle":"Avvenire","allegato":"file","link":null,"file":"https:\/\/assets.fondazionepirelli.org\/rivista-pirelli\/wp-content\/uploads\/2019\/04\/17092444\/LItalia-che-pensava-anche-con-le-mani-Avvenire.pdf"},{"data":"3 Giugno 2019","title":"Ornella canta per Tronchetti - L'Umanesimo di Pirelli","subtitle":"Corriere della Sera","allegato":"file","link":null,"file":"https:\/\/assets.fondazionepirelli.org\/rivista-pirelli\/wp-content\/uploads\/2019\/04\/07135857\/La-stanza-dei-bottoni-Ornella-canta-per-Tronchetti-LUmanesimo-di-Pirelli.pdf"},{"data":"1 Giugno 2019","title":"Le intelligenze creative della Rivista Pirelli","subtitle":"Prima Comunicazione","allegato":"file","link":null,"file":"https:\/\/assets.fondazionepirelli.org\/rivista-pirelli\/wp-content\/uploads\/2019\/04\/10105351\/Le-intelligenze-creative-della-Rivista-Pirelli.pdf"}],"media_video":[{"title":"In un volume la storia della Rivista Pirelli ","data":"","publisher":"Italpress","image_preview":"https:\/\/assets.fondazionepirelli.org\/rivista-pirelli\/wp-content\/uploads\/2019\/04\/21124729\/Anteprima-video.png","media_type":"vimeo","vimeo_id":"343643222","external_link":""}]},"_links":{"self":[{"href":"https:\/\/www.rivistapirelli.org\/it\/wp-json\/wp\/v2\/book\/736","targetHints":{"allow":["GET"]}}],"collection":[{"href":"https:\/\/www.rivistapirelli.org\/it\/wp-json\/wp\/v2\/book"}],"about":[{"href":"https:\/\/www.rivistapirelli.org\/it\/wp-json\/wp\/v2\/types\/book"}],"wp:featuredmedia":[{"embeddable":true,"href":"https:\/\/www.rivistapirelli.org\/it\/wp-json\/wp\/v2\/media\/816"}],"wp:attachment":[{"href":"https:\/\/www.rivistapirelli.org\/it\/wp-json\/wp\/v2\/media?parent=736"}],"curies":[{"name":"wp","href":"https:\/\/api.w.org\/{rel}","templated":true}]}}

È stato un fenomeno letterario di rilievo nella seconda metà del Novecento. Per mano dei più grandi scrittori e giornalisti dell’epoca e attraverso le immagini dei più famosi illustratori e fotografi, Pirelli ha raccontato se stessa al mondo alimentando il dibattito culturale internazionale.

<p><strong>Umanesimo industriale. Antologia di pensieri, parole, immagini e innovazioni</strong> è un progetto editoriale a cura della Fondazione Pirelli, che documenta la straordinaria esperienza di «Pirelli. Rivista d’informazione e di tecnica», pubblicata fra il 1948 e il 1972 e la cui collezione completa è conservata nel nostro Archivio Storico. Si tratta dei 131 numeri originali della Rivista, a cui si aggiunge un fondo fotografico di 6000 immagini fra negativi, diapositive, fotocolor e stampe a colori o in bianco nero. Sono 3500 le fotografie pubblicate a corredo degli articoli originali e quasi 2500 quelle inedite, in parte selezionate per l’antologia, in parte destinate a questo sito. All’interno del volume gli articoli sono stati riuniti in sezioni tematiche: ad aprire la selezione antologica, la sezione «Pirelli, parliamo di noi», con una serie di testi dedicati all’azienda e ai suoi prodotti preceduti dal primo editoriale dell’allora Presidente Alberto Pirelli.</p>

<p>Al turismo nazionale e oltre frontiera sono dedicati i «Racconti di viaggio», spesso declinati in grandi reportage fotografici o corredati da illustrazioni d’autore, mentre l’universo dello sport è affidato alle «cronache» su automobilismo e calcio, ciclismo e vela. E poi la mobilità di massa – se ne parla in «Una società in movimento» – e la trasformazione dei costumi e dei consumi, indagata attraverso le inchieste sulla televisione, l’istruzione e il rapporto fra lavoro e tempo libero. Negli anni, la Rivista è stata testimone dei mutamenti economici e politici italiani e internazionali, dei progressi della scienza e della tecnologia, dell’attenzione alla tutela dell’ambiente e del paesaggio. Una pubblicazione a vocazione «politecnica» non poteva non occuparsi di architettura e design, di arte e letteratura, affidandosi alla voce dei protagonisti e degli interpreti di questi mondi.</p>

<p>Gli articoli della Rivista Pirelli selezionati all’interno del volume <em>Umanesimo Industriale</em> e in parte pubblicati su questo sito sono riprodotti nel rispetto dello stile originale, in modo da mantenere intatti il “colore” della lingua e il suo variare nel corso degli anni. Trattandosi di una raccolta antologica, alcuni contribuiti sono stati sottoposti a stralci, opportunamente segnalati. Si è deciso di non intervenire sulle difformità redazionali da un testo all’altro, privilegiando i criteri di uniformità solo all’interno dei singoli testi e pochi interventi di natura grafica per agevolare la lettura. Tutte le titolazioni sono state uniformate per mettere in evidenza non solo gli autori dei testi, ma anche i nomi dei grandi fotografi che insieme a noti illustratori, pittori e designer hanno contribuito nel tempo a caratterizzare le pagine della Rivista. Le immagini a corredo degli articoli pubblicati selezionate per questo progetto editoriale sono accompagnate dalle didascalie originali, mentre tutte le fotografie e le illustrazioni non presenti in origine sulla Rivista sono munite di note esplicative e del riferimento all’eventuale provenienza dal nostro Archivio Storico. Con un duplice scopo: “raccontare” la Rivista in una veste grafica rinnovata e contemporanea e il ricco patrimonio di immagini che la nostra Fondazione custodisce e valorizza.</p>

<p>L’antologia, a cura della Fondazione Pirelli, documenta l’esperienza di «Pirelli. Rivista d’informazione e di tecnica», pubblicata fra il 1948 e il 1972. La collezione completa della Rivista è conservata presso l’Archivio Storico del Gruppo ed è costituita da 131 numeri originali del magazine e da un fondo fotografico di circa 6000 immagini: 3500 le fotografie a corredo degli articoli originali e quasi 2500 le inedite, in parte selezionate per questo volume. Obiettivo del progetto editoriale è quello di mettere in evidenza il carattere “politecnico” della Rivista, che nasce con lo scopo dichiarato di saldare la cultura tecnico-scientifica e la cultura umanistica, commissionando articoli e inchieste alle firme internazionali più autorevoli dell’epoca. Tra gli altri Dino Buzzati, Camilla Cederna, Gillo Dorfles, Umberto Eco, Carlo Emilio Gadda, Eugenio Montale, Umberto Saba, Leonardo Sciascia, Salvatore Quasimodo, Giuseppe Ungaretti e Umberto Veronesi. A impreziosire le pagine della Rivista splendidi reportage di maestri della fotografia come Arno Hammacher, Pepi Merisio, Ugo Mulas, Federico Patellani, Fulvio Roiter, Enzo Sellerio e illustrazioni firmate da artisti come Renato Guttuso, Riccardo Manzi o Alessandro Mendini. Dopo la prefazione di Marco Tronchetti Provera e i saggi di Antonio Calabrò, Gian Arturo Ferrari e Philippe Daverio si apre la sezione antologica, all’interno della quale gli articoli, riproposti in parte integralmente e in parte in stralci ragionati, sono suddivisi in sezioni tematiche che danno conto della trasversalità di temi approfonditi nel corso della storia della Rivista. Ad aprire la selezione antologica, «Pirelli, parliamo di noi», con articoli sull’azienda e i suoi prodotti. Seguono i temi del viaggio, dello sport, della mobilità di massa, dei costumi e dei consumi, della politica e dell’economia, della scienza e della tecnologia, della tutela dell’ambiente e del paesaggio. E ancora: architettura e design, arte e letteratura.</p>

Unire tecnica e umanesimo è un’«impresa». Ecco come Pirelli riuscì nel miracolo

Pasolini, il mio cinema della crudeltà

Pasolini: il mio cinema della crudeltà in un mondo che nasconde le tragedie
